of q?
3
Let v = -26 - -30. Suppose 2*m - v*m = -6. Suppose -m*j - 144 = -7*j. What is the units digit of j?
6
Suppose -9*s + 4334 = -13495. What is the units digit of s?
1
Suppose -5*p - 850 = -2*z + 182, 0 = -z - p + 502. What is the hundreds digit of z?
5
Let x be (4/2 + -4)*-2. Suppose -f + x*f = 2*d - 218, -408 = -4*d - f. Suppose -4*k - d = -299. What is the units digit of k?
9
Let x(k) = k**2 + 9*k - 9. Let z(y) = -13*y**2 - y. Let c be z(1). What is the tens digit of x(c)?
6
Let l = 34 + -26. What is the hundreds digit of 463/4 + ((-2)/l)/(-1)?
1
Let w = -84 + 97. Suppose -390 = -w*q + 26. What is the tens digit of q?
3
Let y(m) = 17*m**2 + m - 29. What is the hundreds digit of y(7)?
8
Suppose 4*j + 0*k = 5*k + 1172, -4*k = -2*j + 586. Let n = j + -87. What is the tens digit of n?
0
Suppose 0*p - p - 17 = -3*n, -2*p - 10 = 0. Suppose n*h - 5*m = 3*h - 24, 5*m = -3*h + 8. What is the units digit of 6*1/h*-10?
5
What is the units digit of (-1 + (-11)/(-3))/(8/2724)?
8
Suppose 20 = -3*u + 14. Let b(w) = 6*w**2 - w. Let t be b(1). Let i = t - u. What is the units digit of i?
7
Suppose 28*u - 30771 = -643. What is the thousands digit of u?
1
Let a = -5 + 11. Suppose a*c = 5*c - 85. Let z = c - -128. What is the tens digit of z?
4
Let c be 15 - (5 - (-1 - -5)). Let f(g) = -3 + c*g + 2 - 5 + 2. What is the units digit of f(2)?
4
Let b be ((-75)/(-9))/((-1)/3). Let m be (-2)/(-5) + 160/b. Let a(c) = c**2 + 5*c + 7. What is the units digit of a(m)?
3
Suppose 91*c - 3145 = -2*q + 94*c, c = -3*q + 4701. What is the thousands digit of q?
1
Let p(v) = v**3 - 5*v**2 - 3*v - 1. Let w be p(3). Let u = w + 157. What is the tens digit of u?
2
Suppose 4*n = 5*o - 5, 0 = 4*o - 7*o - 5*n + 40. Suppose -o*i + 1 = -54. What is the tens digit of i?
1
Let h = -97 + 108. Let t = -8 - -3. Let p = h + t. What is the units digit of p?
6
Suppose -10*b + 12*b - 4 = 0. What is the units digit of b - (-72 - 6/3)?
6
Let g(q) = -q**3 - 40*q**2 + 34*q - 348. What is the tens digit of g(-43)?
3
Let g be (2 - 21 - 0) + 2. Let o be g*1 - (-6)/3. Let h = o + 33. What is the tens digit of h?
1
Suppose r + 2*p + p = 90, 0 = 4*r + 4*p - 392. Let m = 129 - r. What is the tens digit of m?
2
What is the tens digit of 32440/28 - (0 - (-6)/(-14))?
5
Suppose 388 = -4*u + 5*u + 4*t, 0 = -2*t - 8. What is the units digit of u?
4
Let r = -17 + 5. Let v = r - -14. Suppose -5*y + 26 = m, v*y = m + y - 32. What is the tens digit of m?
3
Let q be ((-1)/3)/(11/(-1716)). Suppose -w = w - q. What is the tens digit of w?
2
Let p(q) = 6*q**2 - 9*q - 14. Let k be p(6). Let b = 304 - k. What is the tens digit of b?
5
Let k be ((-8)/(-18))/2 + 128557/279. Let o = k - 235. What is the units digit of o?
6
Suppose -b + 50 = -5*c, 2*c - 31 = -3*b + 51. Suppose 0 = -4*i + b + 30. What is the units digit of i?
5
What is the thousands digit of (-22760)/(-2 - 2) - (-12 + 13)?
5
Let p = 161 + 66. What is the units digit of p?
7
Let q(b) = -37*b + 178. What is the hundreds digit of q(-6)?
4
Let t be 611/3 + 2/(-3). Let d = -113 + 113. Suppose -4*b + 3*o + t = d, 4*b + 6*o - 2*o = 224. What is the tens digit of b?
5
Let a(q) = q + 18. Let x be a(0). Let s = x + -2. What is the tens digit of s?
1
Let j(m) = 7*m - 10. Let r be j(-5). Let v = -61 + 135. Let i = v + r. What is the tens digit of i?
2
Let y = -1327 + 3478. What is the tens digit of y?
5
Let u = 56 - 51. Suppose 2*l + 6 = 4*l. Suppose u*m + 4*r = 143 + 37, 55 = m - l*r. What is the tens digit of m?
4
Let u = 3330 + -237. What is the thousands digit of u?
3
Suppose -2*y + 3*u = -10720, 23823 = 4*y + 3*u + 2365. What is the thousands digit of y?
5
Suppose 3*b - 27 - 123 = -5*x, -4*x + b + 137 = 0. Let w = x - 23. What is the units digit of w?
0
Suppose -4 = 4*m, 856 = 3*y + 3*m - 296. What is the units digit of y?
5
Suppose -1169 = -11*a - 3996. Let o = 412 + a. What is the units digit of o?
5
Let p(o) = -o**3 + 19*o**2 + 15*o - 179. What is the tens digit of p(14)?
1
Suppose 5*l - 318 = -3*y, 5*y - 314 - 216 = -l. What is the tens digit of y?
0
Let d(l) = -8*l - 4. Let p(o) = 28 - 14 - 15 - 3*o. Let f(k) = -2*d(k) + 7*p(k). What is the tens digit of f(-3)?
1
Suppose s - 6 - 2 = 0. Let c(y) be the second derivative of y**3/6 + 9*y + 2. What is the units digit of c(s)?
8
Suppose 36*j + 1649 - 12809 = 0. What is the hundreds digit of j?
3
Let j = -42 + 52. Let v(c) = 4*c + 15. What is the tens digit of v(j)?
5
Let p(x) = -3*x + 8. Let z be p(2). Suppose 0 = -5*g - z - 3, g = -j + 10. What is the units digit of j?
1
What is the units digit of 5/(30/18)*(-2000)/(-4)?
0
Suppose 30 = 5*q - 2*l + 1, -4*l = -3*q + 23. Suppose 127 + 3 = q*w. Suppose 4*x - 56 = -4*y, 0 = 5*x - y - w - 62. What is the tens digit of x?
1
Let w(k) = -63*k - 273. What is the units digit of w(-38)?
1
Let b = 8413 + -5295. What is the tens digit of b?
1
Suppose 4*c - 4*g - 576 = 0, 3*c - 2*g = -2*c + 720. Let x = -47 + c. What is the units digit of x?
7
Let u(m) be the second derivative of -m**3/3 + 3*m**2/2 + 2*m. Let y(o) = o**2 - 5*o - 1. Let r be y(4). What is the tens digit of u(r)?
1
Let j(u) be the first derivative of u**3/3 + 9*u**2/2 + 10*u - 5. Let k be j(-8). Suppose -48 = -5*x - k*z, -4*x + 5*z + 43 = 2*z. What is the tens digit of x?
1
Let t be ((-10)/8 - -2)*-32. Let w be 8/(-20) - t/10. What is the tens digit of (1 - w) + 27 + 7?
3
Suppose 0*p = -p + 3. Let x be 3/(p/(-192)*-2). Suppose 2*q + 5*m = 78, -q + 4*m + x = q. What is the tens digit of q?
4
Suppose -195 = 3*b + 897. Let y = 0 - b. What is the units digit of (-4)/(-18) - y/(-63)?
6
Suppose 3*y - 60 = -2*y. Suppose -2*h + 0*h = -y. Let i = h - -18. What is the units digit of i?
4
Suppose -3*n = 4*b + 636, b = 6*b + 2*n + 802. What is the units digit of (0 - 884/(-6)) + 216/b?
6
Let s(n) = n**3 + 3*n**2 - n + 8. Let y be s(-4). What is the hundreds digit of 189*1 - y/28*0?
1
Let n(s) = 9*s**2 + s + 1. Suppose u + 4*z + 14 = 0, -3*u - 3 = 5*z + 18. Let v be u/(-2)*(0 - 1). What is the units digit of n(v)?
9
Let g = 855 - -67. What is the hundreds digit of g?
9
Let j(y) be the first derivative of -2 + 0*y**2 - 1/3*y**3 + 0*y - y**4. What is the units digit of j(-1)?
3
Suppose 0 = 16*c - 27*c + 7370. What is the hundreds digit of c?
6
Suppose -3*q = -3*i + 3, i + 3*q = -0*q + 17. Let d(a) = -15*a - 2. Let r(o) = -o**2 + 44*o + 6. Let t(s) = -11*d(s) - 4*r(s). What is the tens digit of t(i)?
4
Suppose -57 = -3*t - 0*t + 4*d, 2*t = -d + 27. Suppose -128 = 13*k - t*k. What is the tens digit of k?
6
Let g be -1 + -1 - 52 - 1. Let b = 1092 - 997. Let c = g + b. What is the units digit of c?
0
What is the units digit of (39*8)/((5 - 11)/(-18))?
6
Let w = -2255 + 4850. What is the tens digit of w?
9
Let g = 57 - 30. Suppose 0*p + 5*p + 3*v - g = 0, v + 5 = 3*p. Suppose -p*b - 6 = -18. What is the units digit of b?
4
Let n(j) = 9 + 6*j - 15*j**2 + 22*j**2 + 3*j**2. Let z(s) = -19*s**2 - 11*s - 17. Let v(i) = -11*n(i) - 6*z(i). What is the tens digit of v(2)?
1
Let n be (30/25)/(1/20). Let f = 0 - n. What is the units digit of f*(-5)/(60/9)?
8
What is the units digit of ((-2350)/(-30) + -7)*12?
6
What is the units digit of (-127547)/(-147) - (-1 + (-5)/(-3))?
7
Let d(t) = -23*t + 1. Let y(l) = -l + 6. Let i be y(5). Let c be d(i). Let g = c + 33. What is the units digit of g?
1
Let q(p) be the first derivative of 6 + 1/3*p**3 - 3/2*p**2 - 2*p. What is the units digit of q(5)?
8
Let v(j) = 3*j**3 + 2*j - 3. Let q be v(2). Let h = 30 - q. What is the units digit of h?
5
Let r(w) = -22*w + 74. What is the tens digit of r(-15)?
0
Let r(a) = 26*a**3 + a**2 - 2*a + 1. Let w be r(1). Let v = 17 - w. Let b = v + 11. What is the units digit of b?
2
Let i = -21 - -25. Suppose -2*o - o = -3*n - 150, 2*o - i*n = 110. What is the units digit of o?
5
Suppose -6*q - 52 = 2. Let l = -7 - q. Suppose -l*s - 9 = -71. What is the units digit of s?
1
Let j(s) be the second derivative of -3/2*s**2 + 5/3*s**3 - 2*s + 0. What is the tens digit of j(5)?
4
Let w = -16 - -25. What is the tens digit of (w/6)/(9/144)?
2
What is the tens digit of -1*(-111)/3 - 6?
3
Let z = 2365 - 1711. What is the units digit of z?
4
Let u = 8464 + -5196. What is the units digit of u?
8
Suppose -2*w = -w - 3. Let u(s) = 0*s + 10*s + s**w - 6*s + 8*s**2. What is the 